pose -r*w + 19 + 36 = 0. What are the prime factors of w?
11
Let p(f) = 5*f - 4. Suppose 5*l = -0*l + 15. List the prime factors of p(l).
11
Let r = -2 - 2. Let v = r - -16. List the prime factors of v.
2, 3
Suppose 4*h + 5*h - 711 = 0. List the prime factors of h.
79
Let d = 95 + -49. Let v = d + -20. Let j = v + -16. What are the prime factors of j?
2, 5
Suppose -5*r - 47 = -2*t, -2*t + 4*r + 46 = -0*r. List the prime factors of t.
3, 7
Let w(y) = 10*y**2 - 7*y**2 + 5*y - 2*y. List the prime factors of w(-4).
2, 3
Let m(a) = a**2 - 3*a + 5. List the prime factors of m(-6).
59
Let i(l) = l + 5. Suppose 0 = -5*o + 2*x - x + 33, -17 = -3*o + 2*x. List the prime factors of i(o).
2, 3
Let t(s) = 69*s**3 + 4*s - 4. List the prime factors of t(1).
3, 23
Let x(o) = -3*o - 7. Let z(q) = 6*q + 14. Let l(s) = -7*x(s) - 3*z(s). Let n be l(6). Let b = -15 + n. What are the prime factors of b?
2, 5
Let y = 69 - -28. What are the prime factors of y?
97
Let z(n) = n**2 - 7*n + 5. Let i be z(7). Let u = i + -12. Let g = 11 + u. What are the prime factors of g?
2
Let h = 90 + -49. List the prime factors of h.
41
Let z = -12 + 60. List the prime factors of z.
2, 3
Let o = 13 + -18. Let z = 10 + o. Suppose -z*t = -51 - 4. What are the prime factors of t?
11
What are the prime factors of 20/(-110) - (-354)/11?
2
Suppose -y + 5 - 4 = 0. Let c(k) = 11*k**3 - k**2 + 2*k - 1. List the prime factors of c(y).
11
Suppose -4*c - 10 - 102 = -4*o, -3*c = -5*o + 142. List the prime factors of o.
29
Let a = 48 + -84. Let i = -24 - a. List the prime factors of i.
2, 3
Suppose c + 3*j = -9, -3*c - 15 = 2*j + j. List the prime factors of 3 + -1 + c + 7.
2, 3
Let u = 20 - 4. Suppose 2*r - 52 + u = 0. Suppose -b + r = b. What are the prime factors of b?
3
Suppose -3*p - 4*i + 10 = -2*i, -3*p + 6 = 3*i. List the prime factors of p.
2, 3
Let z(v) = -3*v**3 + 32*v**2 + 11*v - 6. Let u(b) = -b**3 + 11*b**2 + 4*b - 2. Let i(x) = 11*u(x) - 4*z(x). What are the prime factors of i(7)?
2
Let q(a) = -a**2 - 6*a + 8. Let s be q(-7). Suppose 6*l - 2*r - 2 = 2*l, 3*l - 4*r + 6 = 0. What are the prime factors of s/2*(l + 4)?
3
Let l(r) = r**3 - 6*r**2 + r + 3. Let n(w) = -w**3 - 6*w**2 - w - 5. Let v be n(-6). Let c be ((-12)/14)/(v/(-7)). List the prime factors of l(c).
3
Let h = 17 + 9. Suppose 5*c = -2*w - 65, -3*c - 73 = -3*w - 13. Let u = c + h. List the prime factors of u.
11
Let n = 2 + -2. Suppose n*b - 8 = -2*b. Suppose -q - 45 = -b*j + 2*q, q = 4*j - 55. List the prime factors of j.
3, 5
Suppose -30 = -2*v + 2*f, -4*f - 3 - 17 = -2*v. List the prime factors of v.
2, 5
Suppose -3*w = 2*w - 95. Let n = 30 - w. What are the prime factors of n?
11
Let f(r) = 3*r - 6. Let n(a) = -2*a**3 + 2. Let o(w) = w**3 + w**2 - w - 1. Let b(m) = -n(m) - 3*o(m). Let t be b(-4). What are the prime factors of f(t)?
3
Let p = -248 + 363. What are the prime factors of p?
5, 23
Let g(y) = 3*y**2 - 2*y - 4. List the prime factors of g(-3).
29
Let y(z) = z**3 - 9*z**2 - 10*z + 3. Let i be y(10). Let k(n) be the first derivative of 3*n**2/2 + n + 1. What are the prime factors of k(i)?
2, 5
Suppose i = 5*m - 0*i - 480, -2*m - 2*i + 180 = 0. What are the prime factors of m?
5, 19
Let n = 1 + 43. Let c be -1*n*-1 - -1. Suppose -4*p - p = -c. List the prime factors of p.
3
Let x(i) = -i**2 - 2*i. Let j be x(-2). Suppose p + 4 - 9 = j. List the prime factors of p.
5
Let f be ((-1)/1)/((-1)/(-3)). Let k be f*(-14)/6 + 3. List the prime factors of (-4)/4 + k*1.
3
Let x = 83 - 37. What are the prime factors of x?
2, 23
Let k(g) = 33*g**2 - 1. Let x be k(-1). Suppose 2*y = -5 - 3, 3*y + x = 5*o. What are the prime factors of o?
2
Let d = -3 - -8. Suppose 10 = -0*r - 5*r. Let b = d + r. List the prime factors of b.
3
Suppose -2*w + 4*s - 5 = 9, -2 = -s. List the prime factors of (11/w)/(1/(-3)).
11
Let m(d) = d**2 + d - 8. Let i(x) = -x - 2. Let n be i(4). What are the prime factors of m(n)?
2, 11
Let l be 0/((6/3)/(-1)). Let j be -1 - ((3 - -1) + -9). Suppose l = j*z - 51 - 37. List the prime factors of z.
2, 11
Suppose 4*h - c + 32 = -30, 3*h - 2*c + 49 = 0. Let w = 10 + h. List the prime factors of 2/((w/(-2))/5).
2
Suppose 3*i = 4*x + 16, 0 = -4*i + i - 4*x - 16. Suppose -36 = -i*w - 3*w. List the prime factors of w.
2, 3
List the prime factors of (6 - 5)/((-1)/(-11)).
11
List the prime factors of ((-844)/(-8) - -1)*(-8)/(-12).
71
Let x = -10 + 12. Suppose -x*f = -4 + 12. What are the prime factors of (-2)/(-4)*f*-8?
2
Let o = -21 - -9. Let b(g) = g**2 + 10*g - 13. List the prime factors of b(o).
11
Suppose l + 3*l - 4 = 0, 3*f - 80 = l. Suppose -6*y + f = -3*y. List the prime factors of y.
3
Suppose 8*g = 4*g - 20. Let o(r) = -r**3 - 4*r**2 + 2*r - 1. List the prime factors of o(g).
2, 7
Suppose -3*i + 35 = -4*w, 0*i - 19 = -i + 5*w. What are the prime factors of i?
3
Let b = 5 - 5. Suppose b = -0*l + 2*l - 2. What are the prime factors of 1 - (-18)/(l - -2)?
7
Let d be (4 + 1)*1 - -1. Suppose 0 = -2*v + 4 - 2. What are the prime factors of d/3 - v - -1?
2
Let n = 68 - 32. List the prime factors of n.
2, 3
Let k = -2 - -8. List the prime factors of k.
2, 3
Let o(b) = -b**3 - 5*b**2 - 13*b + 16. What are the prime factors of o(-5)?
3
Let p(o) = 3*o**3 - 4*o**2 - 2. Let d be 35/14 + (-2)/(-4). What are the prime factors of p(d)?
43
Let v be 148/(-18) + 4/18. Let j = v - -15. What are the prime factors of j?
7
List the prime factors of (-1 - -2)*27*2.
2, 3
Let s(y) = -y**2 - 14*y + 25. What are the prime factors of s(-11)?
2, 29
Suppose 15*y - 48 = 13*y. List the prime factors of y.
2, 3
Let w(d) = 3*d**2 - 10*d - 13. What are the prime factors of w(-9)?
2, 5
Let v(f) = f**2 - 3*f + 1. Let w be v(-3). Suppose 5*k - w = s, s = -2*s - 12. What are the prime factors of 35/k + 2/(-3)?
11
Let w = -5 + -3. Let h = 38 + w. List the prime factors of (-34)/(-10) + (-12)/h.
3
Let p be -1 + -1 - 18/3. Let z = p - -54. What are the prime factors of z?
2, 23
Let h(i) = 4 - 2*i + 0*i - 10. Let y be h(-4). Suppose -d = -y - 0. What are the prime factors of d?
2
Suppose -4*o - z - 14 = -41, 2*o - z - 15 = 0. Let b be 6/(o/2 - 2). Let a(u) = u**2 - 2*u - 1. List the prime factors of a(b).
7
Let i(s) = 3*s + 11. What are the prime factors of i(11)?
2, 11
Let m = -327 + 180. List the prime factors of (0 - 3/9)*m.
7
Suppose -16 = 4*k, -2*k - 2 = -2*y + 5*y. Let z(f) = 7*f**3 - 4*f**2 + 5*f. List the prime factors of z(y).
2, 5
Let j(y) = -y**2 - 3*y + 4. Let t be (-2 - -2) + -1*3. What are the prime factors of j(t)?
2
Suppose 34 = 5*l - 5*g + 3*g, -5*g = l + 4. Suppose w + 235 = l*w. Suppose w + 25 = 4*j. List the prime factors of j.
2, 3
Let n = 205 + -9. List the prime factors of n.
2, 7
Let k = 15 - 11. What are the prime factors of k?
2
Let p = 103 - 63. List the prime factors of p.
2, 5
Suppose -11 = 4*s - 3*r, -s + 2*s + 5*r = 3. List the prime factors of (s/(-4))/(4/48).
2, 3
List the prime factors of 32 + 4 + (2 - 9).
29
Suppose -4*j - 19 = -5*k, -3*k + 11 = 2*j - 4*j. Suppose 3 = 3*y - 18. Let b = y + j. What are the prime factors of b?
2, 3
Let n(f) = -2*f - 5. Suppose -4*t - 11 = -i - 0*t, 0 = 4*i - 3*t - 18. Let b(a) = -a**2 + a + 1. Let w be b(i). What are the prime factors of n(w)?
5
Suppose -13*s = 1148 - 3280. List the prime factors of s.
2, 41
Let y(q) = -q**2 + 10*q + 6. Let w be y(11). Let c(p) = p**3 + 4*p**2 - 6*p - 2. List the prime factors of c(w).
3
Suppose 4*g - 2*g = 4*k - 410, -100 = -k + 3*g. What are the prime factors of k?
103
Let d(o) = o**2 - 8*o - 3. Suppose 9 + 3 = 3*a. Suppose 0*w + 5*w = 5, 2*i + a*w - 22 = 0. List the prime factors of d(i).
2, 3
Let u(z) = -z - 11. Let v be u(-6). Let a = v + 15. What are the prime factors of a?
2, 5
What are the prime factors of ((-33)/22)/(1/(-2))?
3
Let p(z) = 3*z**2 + z + 1. Let y(o) = -2*o + 3*o - o + o + 6. Let n be y(-7). What are the prime factors of p(n)?
3
Let b be 4*2*1/2. Suppose -3*g = -3*n - 3, -g - b*n = 4*g - 14. Suppose -c + 9 = g*c. What are the prime factors of c?
3
Suppose -3*r + 4*x + 64 = -r, 3*r + 5*x - 96 = 0. List the prime factors of r.
2
What are the prime factors of (((-44)/3)/(-2))/((-2)/(-3))?
11
Suppose 0 = 5*s - 402 + 22. List the prime factors of s.
2, 19
Suppose 4*c = 2*c + 76. What are the prime factors of c?
2, 19
Let s = -2 